 -2)?
7
Evaluate (-2 - -3) + 26 + 4 + -7 + -8.
16
(4 - 9) + 63 + -52 - -23
29
What is the value of -9 - (-8 + 38 + -26)?
-13
Evaluate 1 + -10 + -30 + 14.
-25
Calculate (3 + -4 + -4 - -9) + (-23 - -10).
-9
Evaluate -57 + 17 + (1 - (-7 + 3)).
-35
Calculate -1 + 4 - (47 + -36 + 8).
-16
Evaluate -10 + 17 + (-7 - (-19 - -6)) + 2.
15
5 - -3 - (7 - 7 - -8)
0
What is -2 + 3 + 0 + 3 - (2 + -19)?
21
What is 5 + (29 - 46) + 20?
8
What is -17 + (-19 - (10 + -52))?
6
What is the value of -2 + (9 + -10 - 7) + 8?
-2
What is the value of -1 - 26 - ((28 - -19) + -51)?
-23
What is 1 - ((-17 - -23) + 1 + -16 + -1)?
11
Calculate -8 - (-3 + (-19 + 13 - 5)).
6
What is -132 + 126 + (1 - (7 - (-1 - -2)))?
-11
What is 1 - (-4 + 1 + -5 + (18 - 5))?
-4
Evaluate (13 + -20 - -1 - -18) + -15.
-3
Calculate 9 + -3 + -4 + 9.
11
Evaluate 3 - (21 - 8 - 10).
0
Calculate -10 + 8 + -14 + 4 + (4 - 4).
-12
12 + 11 + (-30 - -6)
-1
Evaluate -32 + 31 + (-32 - (1 + -4)).
-30
1 + (6 - 1) - (-629 + 640)
-5
Calculate 8 + 0 + (14 + -7 - 3).
12
What is the value of 3 + (-7 - (11 - (3 - -7)))?
-5
Evaluate -16 + 8 - -14 - 8 - (1 + 2).
-5
What is -5 + -1 - (-51 - -16 - -9)?
20
Evaluate 4 + 6 + (4 - 18) + 0 + 7.
3
Calculate -12 + 28 + 3 - 40.
-21
12 - 7 - (14 + 14 + -37)
14
Calculate 87 + 0 + -86 + 0 + 2 + 1.
4
What is -90 + 70 - (-21 + -5 + 3)?
3
Evaluate 17 + (11 - 38) - -14.
4
What is 6 + 0 + 0 + -498 + 476?
-16
Calculate -247 + 257 - ((6 - 1) + 1) - -2.
6
What is the value of 38 - (-22 - (-11 - 26))?
23
What is (-268 - -282) + -1 + -3 + (0 - -9)?
19
Evaluate -7 + (4 - (-3 + 0 - -8)).
-8
Calculate 13 - (15 + 11 + -13 + -2).
2
Evaluate 6 + -13 + (1 - -9) + 2 + -13.
-8
What is 27 + -19 + 16 + -13 + -5 + 1?
7
Calculate 3 - (16 + (-9 - -9)) - -5.
-8
What is 15 + (-12 + 34 - 35)?
2
Evaluate -3 + 42 + -38 + (-36 - 5).
-40
(-5 - 22 - -8) + 41
22
8 - -1 - (-594 - -603)
0
Calculate -19 - (-2 - (29 + -10)).
2
Evaluate 4 - (5 + (5 - 11)) - (3 + -7).
9
Evaluate -21 - (0 + -37) - 18.
-2
((3 - 10) + -1 - -12) + -11
-7
Evaluate (-36 + -7 - -29) + 1 + -1.
-14
What is -7 - (-17 + (34 - 51))?
27
Calculate -4 + 2 + (78 + -39 - 38).
-1
Calculate 5 - (26 + -14 - 17 - (-2 - 15)).
-7
What is -4 - 0 - 4 - -8?
0
Evaluate 161 + -173 - (-3 - (-2 - -16)).
5
What is 8 - (-27 - (19 + -57))?
-3
What is -11 + -7 + (-19 - -50)?
13
What is the value of 11 + (7 - 2) + -10 + -21?
-15
Evaluate 6 - ((4 + -1 - (19 + -18)) + 0).
4
What is -41 + 14 + 18 + -2?
-11
What is the value of -79 + 59 + (0 - -6)?
-14
-7 - -56 - 31 - 15
3
Calculate -23 + -3 + (18 + -7 - -1).
-14
Calculate -48 + 37 + 30 + -6.
13
Evaluate 31 + -23 - (2 - 7).
13
Evaluate 34 + -1 - 28 - (14 + 4).
-13
What is the value of 32 + (2 - -2 - (7 + 22 + -15))?
22
What is (0 - -17 - 2) + -51 + 52?
16
-17 + 10 - (-6 + 18 - 9) - -33
23
What is the value of (26 - 1) + -374 + 366?
17
What is the value of 0 + -1 + 9 + (-13 - -7) + 4?
6
What is 4 - -1 - ((-10 + 16 - -8) + -11)?
2
Calculate 6 - (-2 + (0 - -7) + 11) - -5.
-5
Evaluate 0 + -5 - (494 - 474).
-25
13 - ((-1 - -11 - 9) + 0)
12
Evaluate -10 + 6 + -9 + 10 + -2.
-5
What is 2 - (2 + -4) - 14 - (44 - 35)?
-19
Calculate -2 - -2 - -8 - (26 + -21 + 6).
-3
Calculate (9 - -2) + (-46 - -45).
10
Evaluate (0 - 1 - 12 - (527 - 522)) + 5.
-13
14 - (-1 - -13) - 8
-6
What is -3 + -6 + 3 - (-54 - -45)?
3
Calculate 11 - (3 + -11 + 45).
-26
Evaluate (23 - -1 - (-182 + 191)) + -10 + 7.
12
What is the value of 48 + -64 + (8 - 3)?
-11
Calculate 6 - (-26 + 54 + -8).
-14
What is the value of (9 - 9 - -2) + -17?
-15
Evaluate (-1 - -14) + (12 - 44 - -7).
-12
What is the value of 34 - 15 - (10 + 1)?
8
What is 13 - 11 - ((-14 - 2 - -5) + -3)?
16
Evaluate 10 + (8 - (-8 + 14 - -8)).
4
Evaluate -2 + -3 - (-10 - (5 - (3 + 17))).
-10
Evaluate (26 - 35) + -1 + 16 - (2 - -16).
-12
Calculate -13 + -1 - (512 + -510).
-16
What is -4 + 1 + (3 + 3 - 10 - 3)?
-10
Calculate 34 - (13 + 0 + 31).
-10
What is the value of (-7 + -24 - (-2 + 5)) + (7 - 8)?
-35
Calculate (0 + 2 - (14 + -8) - 2) + 1.
-5
Calculate 3 + -2 + 4 + (-21 + 19 - -6).
9
Evaluate -8 - (-5 - (-23 + 13 - 10)).
-23
(-11 + 3 - 7) + 10
-5
What is the value of -3 - (-12 + 4 + 2)?
3
Evaluate -203 - -174 - (-7 + (1 - 1)).
-22
(-34 + 4 - -19) + 2 + (-3 - -7)
-5
What is the value of 6 - (8 + (-2 - (-2 - 0)) - -12)?
-14
What is 3 + 28 + -2 + -15 - -11?
25
What is 50 + (-17 + 18 - 10 - 8)?
33
-295 + 299 + -1 + 12
15
What is 10 - (-8 + 12 + (5 - (-5 + 12)))?
8
33 - (46 + (-36 - 1))
24
-2 + (-10 - -6 - -7) + 4
5
-16 + 12 + 8 + 16
20
30 + (8 - 12 - -13) + -1 + -10
28
Calculate -236 - -261 - (8 + 2).
15
Evaluate -11 + 0 + 154 + -51 + -58.
34
(-15 - -4 - -30) + -12
7
Calculate (2 - -1) + 8 + (-13 - (9 - 8)).
-3
Evaluate (3 - 14) + 6 + -5.
-10
Evaluate -12 + -2 - -3 - (-197 - -190).
-4
What is the value of (-1 - (-1 - 0)) + (222 - 232)?
-10
What is (8 - 10 - (-15 + 0)) + 105 + -109?
9
What is 28 + -15 + (4 - 1)?
16
Calculate (4 - 12) + (7 - 17).
-18
What is 16 + 8 - (34 - 10)?
0
What is the value of -33 + -6 + 38 + 1 + 0 + 6?
6
What is (1 + -2 - 0) + (-41 - -35) + 3?
-4
What is 171 + -172 - (-26 + (-3 - (2 - 3)))?
27
7 + (-10 + (-1 - -18) - (1 - -37))
-24
-18 - (-30 - 29 - -19)
22
Evaluate 10 - (-13 - (-6 - -2) - -30).
-11
Calculate (-22 - (-1 - (3 + -2))) + 4 + -3.
-19
What is the value of (-164 + 154 - (0 + 10)) + -6 + 3?
-23
-18 - (-3 + -1) - (264 + -251)
-27
29 + (25 - 96) + 33
-9
Evaluate -10 + -6 - -6 - (-1 - (9 - 2)).
-2
Evaluate -8 + 12 + -7 + -4 - (-1 - 1).
-5
What is -8 - (1 - 4 - (-25 - (-36 + 17)))?
-11
14 - (70 + -11 + 24 + -44)
-25
-13 - (1 + -1 + (7 - 13) + 8)
-15
What is the value of -16 - -22 - -7 - -6?
19
18 + (19 - (37 - 12))
12
Calculate -7 + 5 - (10 + (-10 - -16)).
-18
-9 - (-6 + -2 + -33 + 6) - 8
18
Calculate (-19 - 0 - 13) + 16.
-16
What is -2 - (13 - 9) - -7?
1
Calculate -8 + -8 - (2 + 4 + -3 + -4).
-15
What is the value of -1 + 21 - (28 - 18)?
10
(-1 - 0) + -3 + 22 + 5 + -15
8
8 + -1 - (10 + (-7 - 2)) - 27
-21
Calculate -10 + 5 + -2 + -9 + 21 - -6.
11
Evaluate -231 - -234 - (19 - -6).
-22
What is the value of 8 + -4 + -8 - (2 - 5)?
-1
Evaluate 0 - -1 - (3 - 4) - (11 - 14).
5
Calculate (-4 - 0) + -180 + 179.
-5
What is the value of -7 - (-2 + -3) - (-21 - -18)?
1
What is the value of (2 - -3) + -20 + 22 - (-76 + 95)?
-12
What is the value of (12 - 14 - (-4 - -3)) + 6 + 14?
19
What is -142 - -141 - (-4 - 0) - (11 + -1)?
-7
Calculate (41 - 57) + (18 + -5 - 4).
-7
Evaluate (0 - -1) + (46 - 75 - -12).
-16
What is the value of -8 + 7 - (10 + -5)?
-6
What is the value of -17 - (-7 + 0 - -1 - (8 + -12))?
-15
(32 - 1) + (268 - 262)
37
Evaluate -2 - 19 - (-443 - -425).
-3
What is the value of 3 - (19 - (-1 - 1))?
-18
What is the value of -2 + -5 + 12 + 7 + -15?
-3
What is (5 - (9 - -5)) + 15 - -6?
12
What is -9 + (-6 - (-36 - -14))?
7
Evaluate 32 - (31 - (-40 + 28)).
-11
What is -13 - ((-45 - -8) + 20)?
4
What is 5 - (-15 + 18 + -16)?
18
Evaluate 4 + (-3 - -40) + (0 - 12 - -1).
30
Evaluate -3 + 1 + -1 + -10 - (324 - 320).
-17
Evaluate 9 + (6 + -6 - 3) + -5 + -12.
-11
-22 + 32 + 21 + -7
24
Calculate 37 + -89 + 12 + 29.
-11
Evaluate 21 + -35 + -3 - -31.
14
-7 - -1 - (-18 - (-1 + 4)) - -5
20
-4 + 12 + (7 - 9) - (-9 - -6)
9
Evaluate 7 + -10 - (24 - 27).
0
What is the value of (48 - 31 - (13 + -3 + -2)) + 14?
23
What is the value of (2 - 9) + (-1392 - -1409)?
10
What is -1 - (-1 - 0) - 43 - (162 + -171)?
-34
(-61 + -18 - -78) + 1 + -1 + -11
-12
Calculate -11 + 0 + (31 - (79 - 58)).
-1
Calculate (-1 - -11) + (-17 - -9 - (1 - 2)).
3
134 + -142 + (5 - (13 - 2))
-14
Calculate 49 + (-32 - (15 + -20)).
22
What is the value of 41 + (-29 - -18) + -12?
18
What is the value of -16 + 12 + -5 + 0?
-9
-23 + 23 - (1 + 0 + -6 + -1)
6
13 - (38 - 16) - (-33 + 4)
20
Evaluate -4 + -2 + -7 + (2 - -1) + 2.
-8
Calculate 3 + (-1 - -5) + (-38 - -21).
-10
Evaluate -60 + -27 - -24 - -33.
-30
Evaluate 5 + (-12 - -25) - 7.
11
Calculate 12 - ((16 - 34) + 15).
15
Calculate 12 + -31 + (27 - (-4 + 17)).
-5
Calculate -19 + (3 - -36) + -34.
-14
What is -3 + -6 + -1 - (142 - 142)?
-10
What is -23 - (-11 + 8) - -25?
5
What is the value of -21 - -1 - (7 + -14)?
-13
Calculate 5 + -21 + 9 - -6 - 8 - -9.
0
-18 - (-6 - (-1 + 1 + 4))
-8
Calculate -6 + (-45 - -19) + 5 + -6.
-33
What is 19 - ((109 - 105) + (2 - -1))?
12
Evaluate 23 + (-32 - 